e factors of 217445462?
2, 13, 19, 23167
List the prime factors of 83345646.
2, 3, 13890941
What are the prime factors of 2488773214?
2, 29, 193, 223, 997
List the prime factors of 399088279.
107, 3729797
What are the prime factors of 141871483?
13, 10913191
List the prime factors of 877878969.
3, 11, 1013, 26261
What are the prime factors of 41969031?
3, 13, 1076129
List the prime factors of 1006530107.
11, 1229, 74453
What are the prime factors of 237184081?
73, 3249097
List the prime factors of 67391129.
13, 5183933
What are the prime factors of 91798572?
2, 3, 17, 29, 59, 263
List the prime factors of 1883179365.
3, 5, 131, 958361
List the prime factors of 65296707.
3, 7, 3109367
What are the prime factors of 378458123?
23, 16454701
List the prime factors of 72538769.
6761, 10729
List the prime factors of 5305643894.
2, 2652821947
List the prime factors of 148906657.
107, 1391651
List the prime factors of 4445031487.
13, 341925499
List the prime factors of 908267575.
5, 36330703
What are the prime factors of 278723816?
2, 7, 4977211
What are the prime factors of 741902752?
2, 23184461
List the prime factors of 44371334.
2, 7, 29, 293, 373
List the prime factors of 19321837.
1151, 16787
What are the prime factors of 545442507?
3, 60604723
List the prime factors of 2246493070.
2, 5, 8707, 25801
List the prime factors of 972230734.
2, 486115367
What are the prime factors of 1254729038?
2, 1777, 353047
What are the prime factors of 42825292?
2, 1319, 8117
What are the prime factors of 71311530?
2, 3, 5, 59, 40289
List the prime factors of 87181604.
2, 21795401
What are the prime factors of 45896970?
2, 3, 5, 7, 19, 11503
What are the prime factors of 77746296?
2, 3, 3239429
List the prime factors of 528130791.
3, 58681199
List the prime factors of 893201199.
3, 11, 17, 1592159
List the prime factors of 42105512.
2, 5263189
List the prime factors of 151226928.
2, 3, 19, 31, 1783
What are the prime factors of 329310596?
2, 23, 179, 19997
List the prime factors of 753808818.
2, 3, 7, 89, 201661
What are the prime factors of 446815099?
446815099
What are the prime factors of 24238275?
3, 5, 131, 2467
What are the prime factors of 1885331430?
2, 3, 5, 19, 59, 6229
What are the prime factors of 881066192?
2, 191, 288307
List the prime factors of 11345272.
2, 1418159
What are the prime factors of 57588525?
3, 5, 19, 709
List the prime factors of 4056322515.
3, 5, 7, 38631643
List the prime factors of 60779210.
2, 5, 43, 107, 1321
List the prime factors of 193085445.
3, 5, 7, 1838909
List the prime factors of 47087726.
2, 7, 83, 827
What are the prime factors of 575071116?
2, 3, 23, 2083591
List the prime factors of 2929929457.
7, 13, 1453, 22159
List the prime factors of 470991844.
2, 117747961
What are the prime factors of 26323434?
2, 3, 487471
List the prime factors of 765220002.
2, 3, 43, 97, 30577
What are the prime factors of 593112957?
3, 3631, 54449
What are the prime factors of 982692341?
271, 3626171
What are the prime factors of 120460774?
2, 7, 67, 167, 769
List the prime factors of 93203932.
2, 23300983
What are the prime factors of 298457732?
2, 811, 92003
What are the prime factors of 1813795133?
1813795133
List the prime factors of 349923895.
5, 43, 1627553
List the prime factors of 230299360.
2, 5, 1439371
What are the prime factors of 99059200?
2, 5, 71, 109
List the prime factors of 132299023.
132299023
List the prime factors of 2199543125.
5, 13, 211, 1283
List the prime factors of 7830540.
2, 3, 5, 17, 853
What are the prime factors of 229163875?
5, 89, 20599
List the prime factors of 407341218.
2, 3, 97, 347, 2017
What are the prime factors of 1073604233?
13, 79, 811, 1289
List the prime factors of 1027818838.
2, 10211, 50329
List the prime factors of 36266121.
3, 859, 4691
List the prime factors of 26237750.
2, 5, 7, 11, 29, 47
List the prime factors of 706474406.
2, 11, 17, 79, 23911
What are the prime factors of 6105918?
2, 3, 7, 13, 53, 211
List the prime factors of 120601843.
457, 263899
List the prime factors of 8003019.
3, 47, 211, 269
List the prime factors of 1894054433.
71, 26676823
List the prime factors of 481758564.
2, 3, 7, 5735221
List the prime factors of 375593719.
263, 1428113
What are the prime factors of 693210667?
659, 1051913
List the prime factors of 1617563090.
2, 5, 11, 13, 17, 23, 263
What are the prime factors of 14444669?
41, 352309
What are the prime factors of 36296631?
3, 7, 19, 30323
List the prime factors of 1544045177.
23, 67132399
What are the prime factors of 41646982?
2, 13, 47, 173, 197
List the prime factors of 199943044.
2, 7, 7140823
List the prime factors of 173600145.
3, 5, 233, 5519
What are the prime factors of 14805457?
29, 83, 6151
List the prime factors of 6415747860.
2, 3, 5, 19, 5627849
List the prime factors of 174079519.
174079519
List the prime factors of 124910540.
2, 5, 29, 283, 761
What are the prime factors of 215913985?
5, 7, 6168971
What are the prime factors of 37796450?
2, 5, 229, 3301
What are the prime factors of 595227755?
5, 29, 4105019
What are the prime factors of 105836867?
41, 1117, 2311
What are the prime factors of 9611824648?
2, 137, 8769913
List the prime factors of 186339107.
3491, 53377
What are the prime factors of 45219781?
47, 103, 9341
List the prime factors of 72206470.
2, 5, 7, 1031521
List the prime factors of 10170867.
3, 7, 484327
List the prime factors of 5035719664.
2, 1559, 201881
What are the prime factors of 1354571?
1354571
What are the prime factors of 1123230949?
83, 13532903
What are the prime factors of 110137826?
2, 37, 47, 31667
List the prime factors of 13488819.
3, 4496273
List the prime factors of 3702322772.
2, 97, 9542069
List the prime factors of 2985633277.
11, 311, 872737
What are the prime factors of 313117044?
2, 3, 3217, 8111
List the prime factors of 40669553.
40669553
What are the prime factors of 27627127?
11, 2511557
List the prime factors of 146952495.
3, 5, 1088537
List the prime factors of 494308841.
13, 149, 255193
What are the prime factors of 125089297?
139, 163, 5521
What are the prime factors of 199485437?
47, 83, 51137
What are the prime factors of 409032611?
13, 31464047
What are the prime factors of 78715571?
11, 7155961
What are the prime factors of 163843338?
2, 3, 2467, 11069
What are the prime factors of 508341180?
2, 3, 5, 353, 24001
What are the prime factors of 3267886974?
2, 3, 11, 103, 480713
What are the prime factors of 237297819?
3, 11, 653713
List the prime factors of 52391796.
2, 3, 467, 9349
List the prime factors of 7477404.
2, 3, 11, 37, 1531
List the prime factors of 644767554.
2, 3, 941, 114199
List the prime factors of 2269109859.
3, 83, 607, 15013
List the prime factors of 170154552.
2, 3, 23, 199, 1549
What are the prime factors of 696649859?
113, 859, 7177
List the prime factors of 188163092.
2, 13, 23, 157327
What are the prime factors of 237875575?
5, 7, 521, 2609
What are the prime factors of 29364374?
2, 13, 1129399
List the prime factors of 464251665.
3, 5, 23, 47, 28631
What are the prime factors of 67420176?
2, 3, 23, 173, 353
What are the prime factors of 486969831?
3, 54107759
List the prime factors of 30434994.
2, 3, 31, 18181
What are the prime factors of 1629472923?
3, 13, 4642373
List the prime factors of 270855830.
2, 5, 7, 19, 47, 619
List the prime factors of 34639145.
5, 6927829
What are the prime factors of 185845370?
2, 5, 181, 102677
What are the prime factors of 81844878?
2, 3, 13640813
List the prime factors of 5316622351.
19, 279822229
List the prime factors of 607983946.
2, 303991973
What are the prime factors of 121461484?
2, 191, 158981
What are the prime factors of 238770997?
83, 2876759
What are the prime factors of 810842032?
2, 7, 11, 13, 50627
List the prime factors of 88399578.
2, 3, 79, 283, 659
List the prime factors of 110146086.
2, 3, 1123, 5449
List the prime factors of 2079861618.
2, 3, 23, 151, 661
What are the prime factors of 208893261?
3, 1447, 48121
List the prime factors of 231819976.
2, 1307, 22171
What are the prime factors of 216891348?
2, 3, 29, 499, 1249
What are the prime factors of 177647044?
2, 44411761
What are the prime factors of 32884066?
2, 23, 79, 9049
List the prime factors of 179485487.
179485487
What are the prime factors